- 2. Let y(o) = o**2 - 17*o + 69. Let l be y(11). Determine r(l).
4
Let i(p) = -p**3 - 3*p**2 - 3*p - 1. Suppose h - 6*h = 4*k - 36, k = -5*h + 24. Suppose -j - 2*j + 4 = -2*n, 5*n = h*j - 10. What is i(n)?
1
Let c(y) = y - 5. Let v be c(2). Let l(p) = p**3 + 3*p**2 + 4*p + 2. Give l(v).
-10
Suppose 4 = 2*q - 6. Let k(v) = v**3 - 4*v**2 - 5*v - 7. Calculate k(q).
-7
Let j(v) = -v**3 - 6*v**2 - 4*v + 3. Let o(p) = -p - 1. Suppose 2*h - 8 = -3*l, -8*l = -3*l - 3*h - 26. Let t be o(l). Determine j(t).
-2
Let d(b) = 3*b + 3 - b + 0*b + 1. Calculate d(-3).
-2
Let p(x) = 4*x + 1. Let y be 3 + 3/(2 - -1). Suppose -2*u - 3 = -c, c - 5*c - u = -12. Suppose 0*k = 3*d + y*k - 6, 0 = c*k. Give p(d).
9
Let w(g) = -2*g + 7. Suppose -6 = -y - 1. Suppose 5*m + 0 - 29 = -4*v, -25 = -y*v + 5*m. Calculate w(v).
-5
Let m(o) = o**2 + 4*o - 4. Let w be 3/(3/(-8)) - (-9)/3. Give m(w).
1
Let x be (-68)/(-18) - (-2)/9. Let l(s) = s**2 + s + 2. Let k be l(-2). Let d(u) = 0*u + 1 + k + 4 - u. What is d(x)?
5
Let p(h) be the second derivative of -h**6/240 + h**5/120 + h**4/3 + 5*h. Let k(u) be the third derivative of p(u). Calculate k(-1).
4
Let f(h) = -1 + 15*h**2 + 8 - 36*h**2 + 20*h**2 + 5*h. Give f(7).
-7
Let r(n) = -n**3 - 5*n**2 + 3. Let x be r(-5). Let j(z) = -x*z + 1 + 16*z - 12*z. Determine j(4).
5
Suppose v + 0*v = -p + 1, -3*v + 2 = 4*p. Suppose -v*h - 1 = -3. Let s(w) = -4*w**3 - w**2. What is s(h)?
-5
Let d(j) be the first derivative of -13*j**3/3 - j**2/2 + j - 54. Calculate d(1).
-13
Let a(k) be the third derivative of 5/6*k**3 - 1/10*k**5 + 0*k**4 + 5*k**2 + 0*k - 1/120*k**6 + 0. Let r = -14 + 8. Determine a(r).
5
Let x(o) = -o**3 - 3*o**2 + o - 1. Let m be x(-2). Let v(t) be the third derivative of -t**6/120 - 7*t**5/60 + 2*t**3/3 - 11*t**2 + 14*t. Calculate v(m).
4
Let t(p) = -14*p - 12. Let i(n) = -5*n - 4. Let s(v) = -17*i(v) + 6*t(v). Let f = 5 + -2. Suppose -f*x - x = -20. Calculate s(x).
1
Let w(j) be the first derivative of -7*j**2/2 - 2*j - 10. What is w(4)?
-30
Let m(z) = z**2 - 3*z + 2. Suppose 0 = 3*u + 3*w + 3, -4*w = -4*u + 6*u + 12. Let k be m(u). Suppose d = k*d. Let v(o) = o + 3. Determine v(d).
3
Let b(h) = -h**2 + 4*h - 4. Let v = -19 + 26. Calculate b(v).
-25
Let k(q) = q**3 - 3*q + 1. Let u = 9 + -2. Let y = -5 + u. What is k(y)?
3
Suppose -2 = -8*y + 14. Let u(a) be the third derivative of -a**5/60 - a**4/24 - a**3/3 - a**2. Calculate u(y).
-8
Let f(m) = -m**2 + 2*m. Let r(h) = 1. Let c(t) = -f(t) + 2*r(t). Determine c(3).
5
Suppose u + 4 = i - 3*i, 5*u - 4*i - 36 = 0. Let d(n) = 2*n - 3. Give d(u).
5
Let q be (-1)/(-2*(-2)/(-28)). Suppose 0 = 9*f - q*f + 10. Let j(h) = h. Calculate j(f).
-5
Suppose 3*t - 4 = -t. Let x(g) = -2*g - 3*g + 0*g**2 + 3*g + g**2. Give x(t).
-1
Let x(z) = -11*z - 3. Let w = 99 - 101. What is x(w)?
19
Let z(u) = 2*u**3 + 7*u**2 - 6*u - 7. Let s(f) = f**3 - f - 1. Let p(v) = -3*s(v) + z(v). Determine p(3).
23
Let y(i) = i + 5. Let h(r) = r + 1. Let c(b) = -h(b) - y(b). Give c(-4).
2
Let z(q) = q + 13. Let s be z(-6). Let i = s - 7. Let x(o) = -o**3 - o**2 + 7. Calculate x(i).
7
Let w(g) = 1. Let q(s) = -s + 1. Let f(x) = q(x) - w(x). Calculate f(0).
0
Let l(o) = 4*o + 4. Let r(z) = -7*z - 8. Let u(m) = -5*l(m) - 3*r(m). Determine u(-7).
-3
Let m(g) = 4*g**2 + 2*g**3 - 3*g**2 + g - 8*g**3. What is m(-1)?
6
Suppose 0 = 4*m - 0*m - 44. Let f(k) = -k + 9. Let v be f(m). Let o(n) = -n**2 + 3*n + 3. Determine o(v).
-7
Suppose 20 + 2 = 2*j. Suppose 4*z = -20, -3*z = -3*r + 26 - j. Let b(o) be the first derivative of o**2/2 - 4*o - 1. What is b(r)?
-4
Let i(r) = 2*r**2 - 6*r - 2. Let a(p) = -p**2 + p. Let m(u) = -4*a(u) - i(u). Calculate m(-2).
6
Suppose -5*m = 5*b + 20, 2*m + 6 = 5*b - 9. Let v(n) = -b - 3 + 0*n + n. What is v(0)?
-4
Suppose 0*n = 3*j - 3*n - 33, -2*n = 6. Let b be j/28 + 30/(-7). Let r(l) = -3*l - 1. Let f(m) = -13*m - 4. Let s(t) = -2*f(t) + 9*r(t). Determine s(b).
3
Let d(v) = 4 + 1 - 4*v - 4 + 7*v. Suppose 3*q + 10 = -i, -3*i = -2*i - 2. Calculate d(q).
-11
Let z = -32 - -31. Let y(s) = 6*s - 1. What is y(z)?
-7
Let a(y) = 7*y + 1. Let d(l) = l**2 + 13*l + 17. Let m be d(-12). Suppose 2*i + 11 = 5*s, 9 = s - m*i - 7. Determine a(s).
8
Let o = 20 + -21. Let y(k) be the third derivative of k**7/2520 - k**6/360 - k**5/120 - k**4/24 - 2*k**2. Let m(r) be the second derivative of y(r). Give m(o).
2
Suppose 2*j = -2*j - 4. Let y(h) be the first derivative of h - 7/2*h**2 + 2. What is y(j)?
8
Let h(q) = 16 + 2*q - 6 - 6. Let k = 4 - 2. Suppose 2*n = 2*l + 10, 4 = k*l - 4*l - n. What is h(l)?
-2
Let o(z) = -2*z**2 - 4*z**2 - z + 2*z**2. Let f be (2/(-4))/(10/20). Calculate o(f).
-3
Let p(g) = -3*g + 1. Let r = -17 + 11. Let w be ((-1)/2)/(r/24). Determine p(w).
-5
Let n(w) = -2*w**2 - 2. Let h(z) = -8*z**2 + 2*z - 8. Let c(y) = -2*h(y) + 9*n(y). Give c(-2).
-2
Suppose 0*r + 20 = 4*r. Let q = r + -1. Suppose 0 = 4*j - q, 2*j - 7*j = -3*a - 17. Let i(n) = n**2 + 5*n + 2. What is i(a)?
-2
Let x(u) = -5*u**3 + 3*u**2 - 5*u - 2. Let i(s) = s**3 + s**2 + 1. Let w(d) = -4*i(d) - x(d). What is w(6)?
-8
Let v = 4 - 3. Let t(l) = 3*l**3 - 1. Let s be t(v). Let c(i) = 2*i**s - 6*i**2 - 2*i + 5*i - 4*i - 4 - i**3. What is c(-4)?
0
Let j = -1 - -2. Let y be (1 + 1 + -3)/j. Let a(i) be the second derivative of -5*i**4/12 - i**3/3 - i**2/2 - 2*i. Calculate a(y).
-4
Let n(j) be the second derivative of j**3/6 - j**2 - 7*j. Let b = 8 - 4. Let i = 7 - b. Determine n(i).
1
Let o(p) = p**3 + 4*p**2 + p + 1. Let k be o(-4). Let w(u) be the third derivative of u**4/8 + 2*u**3/3 - 2*u**2. Calculate w(k).
-5
Let v(g) = 0*g + 0 - 2*g - 1 + 3. What is v(-6)?
14
Suppose 4 = 2*w, 5*w - 1 = 4*y - 11. Let o(s) = s**3 - 5*s**2 - 2*s + 3. What is o(y)?
-7
Let s(p) = -4*p - 3. Let g(z) = z - 1. Let v(t) = -2*g(t) - s(t). Determine v(5).
15
Let j(x) = -3*x**3 + 2*x**3 + x + 1 + 134*x**2 - 130*x**2. What is j(4)?
5
Let k(u) = -7*u**2 + 5*u + 5. Let w(p) = p**2 - p - 1. Let s(y) = k(y) + 6*w(y). Let o(i) = i**3 - 8*i - 5. Let x(f) = o(f) - 2*s(f). Calculate x(-4).
-11
Let w be (-2)/8 + 3/(-4). Let o be (0 - w)/(3/(-3)). Let b(z) = z - 2 - 3 + 6 + 2*z**2. What is b(o)?
2
Suppose 5*g = 4*h + 78, g + 3*h - 6 = -h. Let p = 9 - g. Let r(l) be the first derivative of l**4/4 + 2*l**3 + l**2 - 7*l - 8. Give r(p).
8
Let d(r) = -r + 2. Let s be d(0). Suppose -s*a - 5*i + 27 = 0, -4*i + 3*i = -5. Let n(v) = -2*v**2 - v. Calculate n(a).
-3
Let c(f) = -f. Suppose 2*z = 4*q - 6, -5*z = q - 3*z - 14. Suppose 0 = -3*u + u - q. Calculate c(u).
2
Let j(r) = -r**3 + 2*r**2 - r. Let x be j(1). Let n(y) = x + 2 + 1 + y**2 - 2*y. Let d = -27 + 29. What is n(d)?
3
Let v(x) = -2*x - 7. Let n be (7 + -4)*5/(-3). Let s be v(n). Let f(r) = -r**2 + 7*r - 1. Calculate f(s).
11
Let k(g) = 5*g**2 - 9*g. Let o(s) = -2*s**2 + 5*s. Let v(p) = 4*k(p) + 7*o(p). Calculate v(-1).
7
Let i(k) = -k**2 - 8*k - 7. Let x be 3/9*(2 - 2). Suppose -h - 2*q = -x + 12, -2*q + 6 = -2*h. Give i(h).
5
Suppose -6 = g - k, 2*g = -4*k + 3*k - 3. Let z(o) = o + 1. Calculate z(g).
-2
Let m = 2 - 0. Suppose -m - 2 = f, -u + 2*f + 12 = 0. Let c(i) be the second derivative of -i**5/20 + 5*i**4/12 - 5*i**3/6 + 3*i**2 - i. Give c(u).
2
Let g(t) = 6*t. Let h be g(-1). Suppose 0*u - 4*u = -i - 15, 4*i = -12. Let p(y) = -8*y - 4 + 2*y + y**u + 1 + 5*y**2 - 1. Determine p(h).
-4
Let q(f) = -f + 3. Let k = 3 + 2. Let p(d) = -d + 2. Let x(m) = k*p(m) - 3*q(m). Suppose a - 3 = -b - 2*b, 5*b = -2*a + 6. What is x(a)?
-5
Let r(a) = -a**2 + 4*a - 8. Let k(v) = 4*v**2 - 16*v + 33. Let p(u) = -2*k(u) - 9*r(u). What is p(4)?
6
Let x(t) be the second derivative of 2*t**4/3 - t**3/6 - t**2/2 - 2*t. Suppose -4*y + 3 = -3*y. Suppose 4*p + p - 19 = -c, 5*c + 17 = y*p. Give x(c).
8
Let s(w) be the first derivative of w**3/3 + 3*w**2 - 5*w + 1. Let n = -98 - -91. Determine s(n).
2
Let f be 1/(-4) - (-7)/(-4). Let l(p) = 1 - 2 + 1 + 2*p. Let h(z) = -3*z. Let y(k) = -3*h(k) - 5*l(k). Calculate y(f).
2
Let h(l) = 4*l**2 + 5*l - 1. Let p(q) = 5*q**2 + 5*q - 2. Let z(o) = -4*h(o) + 3*p(o). Give z(-6).
-8
Let j(l) = -3*l**2 + 2*l + 6. Let q = 0 - 0. Let r = q + -3. Let y(d) = 2*d**2 - 2*d - 5. Let x(s) = r*j(s) - 4*y(s). What is x(-2)?
2
Let j(f) = -4*f**2 + 5*f + 24. Let m(b) = b**2 - b - 6. Let h(g) = 2*j(g) + 9*m(g).